g) = g - 6. Suppose -2*w = -4*k, -2*w + 4*k - 3 = -k. Calculate t(w).
0
Let o(y) be the first derivative of -y**3/3 - 7*y**2/2 - 9*y + 22. Calculate o(-6).
-3
Let l(j) = -j**2 - 4*j + 1. Let z = -3 - 3. Let i be 1/2 - z/(-12). Let h be ((i - 0) + -5)/1. Give l(h).
-4
Let l(n) be the third derivative of n**4/12 + n**3/3 - 3*n**2. Let k be 10/6 + (-1)/(-3). Give l(k).
6
Let f(d) be the second derivative of d**8/6720 - d**7/840 + d**5/60 - d**4/4 - d. Let c(k) be the third derivative of f(k). Give c(2).
-2
Suppose 5*d = 4*z - 19, 0 = 2*z - 3 + 1. Let m be 3*((-26)/(-6) + d). Let i(p) = 2*p - 3. Determine i(m).
5
Let p(u) be the first derivative of u**4/4 + u**3/3 + u**2/2 - 18*u - 19. Calculate p(0).
-18
Let g = 7 + -4. Suppose 2 = -w - g. Let s(f) = f**2 + f. Let b(y) = 7*y**2 + 10*y - 1. Let x(k) = b(k) - 6*s(k). Determine x(w).
4
Let z be 0 + -1 - (1 - 4). Let g(a) = -2*a + a - 3*a + z - 2*a + 5*a**2 + a**3. Give g(-6).
2
Let h(w) be the first derivative of 4*w**3/3 - w**2/2 - 4. What is h(-2)?
18
Let z(l) = l**2 + 4*l - 1. Let c(i) = -2*i + 7. Let x be c(5). Let m be x/((-15)/(-4) - 3). Determine z(m).
-1
Let t(n) = n**3 - 8*n**2 + n - 6. Let m be t(8). Let g(d) be the second derivative of d**4/6 - d**3/3 - d**2/2 - d. Calculate g(m).
3
Let y(w) = w**3 + 7*w**2 + 7*w + 5. Let m = -19 + 27. Let f be m/(-1) - (-1 + -1). Give y(f).
-1
Let z = -28 - -34. Let f(a) = -2 - 4*a**2 + 5*a**2 - 2 - 7*a + 2*a. Give f(z).
2
Let m(g) = 14*g - 20. Let x(q) = 5*q - 7. Let t(n) = 6*m(n) - 17*x(n). Suppose 3*z + 2*z + 18 = 2*a, -6 = 3*z. Give t(a).
-5
Let u(n) = n**3 + 1. Let p(i) = -3*i - 35. Let x be p(-11). What is u(x)?
-7
Let n(m) = 7*m + 7. Suppose 12 = 2*c + 2. Suppose 2*i = -6, -4*i + 4 - 37 = -3*k. Let y(d) = -10*d - 10. Let x(o) = c*y(o) + k*n(o). Give x(-5).
4
Let t(y) = y - 8. Let i be t(6). Suppose 0*k = k. Let d(c) = 6*c + k*c + 5*c**2 - 4*c**2 - 2*c. What is d(i)?
-4
Let u be 1 + (1 - -1) + 0. Let i(a) = -4 + 0 + a**2 + 0*a**2. What is i(u)?
5
Let y(t) = -4*t**2 + t - 1 - 6*t**2 + 0*t**2. Let q(n) = n + 9. Let a be q(-8). Give y(a).
-10
Suppose 4*c + 8 = d - 3*d, 3*c + 2*d = -4. Let s(a) = a. Let w be s(c). Let h(z) = z**3 + 3*z**2 - 3*z - 5. Calculate h(w).
-9
Let q(y) be the first derivative of y**4/4 - 7*y**3/3 + 5*y**2/2 - 2*y + 5. Determine q(6).
-8
Let q(k) = -3 - 3*k**2 + 2 + 7*k**2 - k**3 + k. Suppose y = -u - 6, 0*y - 5*u = -5*y. Let c = 1 - y. What is q(c)?
3
Let d(f) = -4*f + 4*f - f**2 - 6 + 7*f. Determine d(5).
4
Let m(q) = 7*q**2 + 5*q. Let c(s) = 6*s**2 + 4*s. Let a(v) = 6*c(v) - 5*m(v). Let l = 5 + -3. Determine a(l).
2
Suppose -j - 13 = -2*c + 5*c, 4*j - 16 = 5*c. Let k = -17 + 22. Let u = j + k. Let b(r) = -r + 3. Calculate b(u).
-1
Let g = 20 - 14. Let y(m) = 3*m - 5. Calculate y(g).
13
Let o be 0/1 - (-8)/(24/(-9)). Let w(a) = -3*a**2 - 5*a - 4. Determine w(o).
-16
Let m(x) be the third derivative of x**6/120 + x**5/30 - x**4/24 + 3*x**2. Give m(1).
2
Let b(l) = -l**2 - 3. Suppose -3*g + 90 = 3*m + 15, -2*g = 4*m - 90. Suppose -7*k + 3*k + 20 = -i, -4*k = 4*i - m. Give b(i).
-3
Let m(j) = -3 - 3*j + 0*j**2 + 4*j**2 - 2*j**2 + 8*j. What is m(-4)?
9
Suppose -2*y - 10 = -5*v + 16, -3*y - 17 = -2*v. Suppose 0 = -v*a + 2 - 6. Let i(x) = 8*x**3 + x**2 + x. Calculate i(a).
-8
Suppose -29 = 5*l - 9. Let f = l + 15. Suppose 3*m + 1 = -f. Let u(n) = 3*n + 3. What is u(m)?
-9
Let y(d) = d**2 - 11*d + 18. Let b be y(9). Let u(v) = v**3 + v**2 + v - 12. What is u(b)?
-12
Let x(g) = -2*g**3 - g**2 + g. Let q(j) be the third derivative of -1/2*j**3 + 0 - j**2 + 0*j + 1/24*j**4. Let z be q(4). Give x(z).
-2
Let p = 17 + -24. Let c(z) = z + 6. Let g be c(p). Let s = 0 - g. Let t(n) = -n**3 - n. What is t(s)?
-2
Let i(h) = 3*h**2 - 5*h - 11. Let o(u) = -2*u**2 + 5*u + 9. Let n(v) = -3*i(v) - 4*o(v). Let q be 1/((3/(-9))/1). Give n(q).
3
Let w be 6/2 - 3/3. Suppose 5*z + 3*h - 8 = 2, -w*z = h - 5. Let j(c) = 3 - 7 + 3*c + 0. Determine j(z).
11
Let c(i) = i**2 - 7*i + 3. Let a be -2 + 2 + -4 - -10. Determine c(a).
-3
Let u = 12 - 11. Let p(b) = -b**3 + b**2 + b. What is p(u)?
1
Let j(f) be the second derivative of f**3/6 + f**2 - 4*f. Give j(-9).
-7
Let q(i) = -i**3 - i**2 - i. Let r(b) = 7*b**3 - b**2 + 11*b + 2. Let g(p) = -6*q(p) - r(p). Let j be g(6). Let k(x) = 1 + 0 + 5*x + 3*x - j*x. Determine k(1).
5
Let n(i) = -i + 4. Let h be n(4). Let r(f) = -f**2 - 2. Determine r(h).
-2
Let k(d) be the first derivative of d**2/2 - 6*d + 3. Let a(x) = -x + 1. Let r be a(-3). Suppose 0 = 2*t - r*t. Calculate k(t).
-6
Let v(m) be the first derivative of -m**2 - 4*m - 6. Give v(-4).
4
Let z(f) = -7*f**2 + 23*f. Let r(i) = -3*i**2 + 11*i. Let x(m) = 5*r(m) - 2*z(m). What is x(7)?
14
Let h(p) = p + 6. Let z = -77 - -112. Suppose 0 = 4*t - 2*i - 2*i, -5*t - 2*i - z = 0. Calculate h(t).
1
Let t(k) = k**3 + 8*k**2 + 6*k - 1. Let n = -26 + 19. What is t(n)?
6
Suppose 92*y = 88*y - 20. Let m(k) = -k**2 - 4*k - 1. Calculate m(y).
-6
Let z = 22 + -22. Let r(j) = -j**3 - j - 7. Calculate r(z).
-7
Let k(x) = -x**3 + 6*x**2 + 5*x - 3. Let t be -3 + -1 + 11/(44/40). What is k(t)?
27
Let q = 9 + -5. Let y be 21/(-6) - (-2)/q. Let v(x) = x**3 + 3*x**2 - x + 2. Calculate v(y).
5
Let r(l) = 13 - l**3 - 13 + l. Give r(-2).
6
Suppose -2*o - 11 = -5*c + 15, 4*o = 4*c - 28. Let w be 1/(c + 38/(-10)). Let d(k) = -k**2 + 7*k - 7. Calculate d(w).
3
Let j(n) be the first derivative of -n**7/840 + n**6/360 + n**5/120 + n**3/3 - 1. Let f(w) be the third derivative of j(w). Calculate f(-1).
1
Let v(l) = -l + 3. Let p be v(-4). Let b(n) = -2*n**2 + 6*n - 5. Let j(i) = -2*i**2 + 7*i - 6. Let g(r) = p*b(r) - 6*j(r). What is g(2)?
-7
Let s(r) = -r + 1. Let h(y) = -6*y + 3. Let t(v) = -h(v) + 4*s(v). Suppose -4*u - 11 = a, 4*u - 2*a + 1 = -5*a. Let j be (-4)/6 - u/(-3). Calculate t(j).
-3
Let r(v) be the first derivative of -v**5/10 - v**4/24 + 3*v**2/2 - 2. Let a(q) be the second derivative of r(q). Determine a(-1).
-5
Let y(v) be the third derivative of -v**5/20 + v**4/12 + v**3/3 + 8*v**2. Give y(2).
-6
Let a(h) = -2*h - 7. Let m be a(-6). Let c(n) = n**3 - 5*n**2 + n - 9. Let s(t) = t**3 - 5*t**2 + t - 10. Let k(j) = -5*c(j) + 4*s(j). Give k(m).
0
Suppose -2*l + w - 4 = 0, -5*w + 0*w = l + 2. Let g(r) = r. Determine g(l).
-2
Let y(a) = -17*a - 1. Suppose -2*p - 6 = -i + 2*i, 0 = -5*i - 20. Calculate y(p).
16
Let x(l) = l**2 - l - 1. Let g be x(3). Suppose -2*f + 8*u - 5*u = 2, 5*u = -g*f + 45. Let n(k) = -2*k + 1. Calculate n(f).
-9
Suppose 2*q + 2 = 4. Let a = 0 - q. Let l(j) be the second derivative of -j**4/3 + 2*j. What is l(a)?
-4
Let f(r) be the first derivative of r**2/2 + 2*r + 10. Determine f(-2).
0
Let n(v) be the second derivative of v**7/2520 + v**6/240 - v**5/20 + v**4/3 - v. Let s(x) be the third derivative of n(x). Calculate s(-5).
4
Let v(s) = s**3 + 2*s**2 - 3*s - 3. Suppose 2*u = 5*n - 21, -2*u - 4*n = -4*u - 18. What is v(u)?
-3
Let q(a) = -3*a - 7. Suppose -c = 2*c - 6. Suppose -5*k - c*t - 35 = 0, t - 5 - 5 = 3*k. What is q(k)?
8
Suppose -3 = -3*u - l + 5, 5*u - 11 = -4*l. Suppose -u*s + 2*t - 14 = 6*t, -4*s - 29 = -5*t. Let d(n) = -n**2 - 7*n - 8. Calculate d(s).
-2
Let c(g) = 10*g + 4. Let f(y) = 9*y + 4. Let q(b) = 5*c(b) - 6*f(b). Let w(z) = z**3 + 6*z**2 - 3. Let j be w(-6). Give q(j).
8
Let b(l) be the first derivative of -l**2/2 + l - 2. Let u be b(0). Let n(p) = -7*p**3 + p**2 - p + 1. Give n(u).
-6
Suppose 0 = -5*r + 4*t - 7*t - 117, -t - 109 = 5*r. Let c be 2*(1 + (-5)/(-2)). Let a be r/c*(1 + 0). Let p(k) = -2*k - 2. What is p(a)?
4
Let t(j) = -3*j + 4. Let o(i) = 14*i - 21. Let f(d) = -4*o(d) - 21*t(d). Let m = -9 + 8. Calculate f(m).
-7
Let p(x) be the first derivative of -x**2/2 - x + 2. Let w = 0 - 4. Give p(w).
3
Let f = 110 + -108. Let b(m) = -m + 2. Determine b(f).
0
Let g(q) = q**3 + 7*q**2 + 4*q - 2. Let i be g(-6). Let y be 6/i*(-45)/9. Let n(k) = k + 3. Calculate n(y).
0
Let m(s) = -s**2 - 4*s + 2. Let z be m(-4). Suppose -q - 6 = k, z*q - q + 1 = 0. Let p(o) = -o**3 - 6*o**2 - 8*o - 7. What is p(k)?
8
Let q be (1 - -3)*(-6)/8. Let p be 1 - 3/q*2. Let j(s) = 2*s**2 - p*s**2 - s - s**2. Give j(-1).
-1
Let i(c) = -5*c - 9. Let n = 4 - 7. Let q(d) = 4*d + 8. Let p(o) = n*i(o) - 4*q(o). Determine p(-5).
0
Suppose -4*c - c = 0. Let y(k) = 5